-4 + 0) - (33 + -73 + 23).
20
(-17 + 23 - 8) + 6 + 44
48
Evaluate (-3 - -31) + 907 + -896.
39
Evaluate -80 + 38 + -5 + 4 - -68.
25
(-7 - -11) + -16 + 15 - (-1 + -53)
57
What is -4 + -87 - (-60 - 26)?
-5
Calculate -270 + 1 + 126 + 281.
138
Evaluate (-2 + -4 - 3) + 276 + -288.
-21
Evaluate ((20 - 17) + (-45 - -18) - -22) + (121 - -1).
120
Evaluate (2 + -5 - (-1 - 14) - (77 + -61)) + 69.
65
Calculate (-11 - -49) + -8 - (14 - 26).
42
What is 15 + (10 + -8 - (1 - -3 - (12 + 2)))?
27
Calculate -13 + 23 + 3 - (27 + -37).
23
-128 + 1 + -4087 + 4155
-59
What is -2 - (65 + -45 - 27)?
5
15 + -20 + (7 - 39) + 62
25
Evaluate -10 - 2 - (60 + (-65 - -3)).
-10
What is the value of -36 + (-4 - (-16 - -36 - 12))?
-48
10 + (2 - -10) - (-37 - -80)
-21
65 + -1 + 44 + (-28 - 0) + 7
87
130 - (26 + 6 + 11)
87
Calculate -4 - 7 - (18 + -36 + (-78 + 3 - -11)).
71
Evaluate -1 + 6 + 49 + -37 + -10 + 19.
26
What is (8 + 18 - 7) + (24 - 28)?
15
Calculate -49 + 68 - -63 - 63.
19
What is (19 + -20 + 20 - (-3 - -21)) + (1 - -87)?
89
What is -2 - 14 - (-1230 - -1263)?
-49
Calculate 84 - (-18 + 80 - 12).
34
Evaluate 8 - ((-7 - 44) + (4 - (-3 - -6))) - 5.
53
Evaluate (-1 - -11) + (-9 + -12 - -21).
10
Calculate ((0 - 7) + 5 - 51) + 21.
-32
Calculate (-166 - (-99 + 8)) + 27.
-48
What is the value of -2 + -5 + 48 + (-1212 - -1225)?
54
Evaluate -53 + 28 + 18 - -45.
38
What is -6 - ((5 - 4 - 1 - 8) + -30)?
32
Evaluate 8 - -2 - (-189 + 151) - -36.
84
What is 34 + -59 - -39 - (3 + 101 + -2) - -11?
-77
64 + -89 + 200 + -96
79
What is the value of -52 - ((-2 - (-4 + -2)) + -117 + 99)?
-38
What is the value of -70 + (1341 - 1309) + (-15 - -1) + (12 - 1)?
-41
(-10 - (18 + -25)) + (26 - (2 - (-1 + 4)))
24
What is 2 - (15 - (-9 - -8 - 50 - 8))?
-72
-1 + 81 + -2 + (196 - 170) + -25 + -2
77
-73 + 119 + -33 + (124 - -1 - (-3 - 1))
142
What is (1 - -10) + (90 - 45)?
56
What is the value of (-16 - -10 - (10 + -6 + -2) - -10) + 36?
38
Calculate (-13 - 8) + 15 - (2 + 14 - 84).
62
What is -3 + -8 + (15 - 22) - -6 - -10 - -63?
61
Calculate -19 + 20 + 5 + -6 - 11.
-11
Calculate -6410 + 6298 + (-5 - -2) + (3 + 13 - 2).
-101
Calculate -2 + (8 - 2 - (0 - -9 - 2)) + 86.
83
22 + -2 + 11 + -85 + 32
-22
What is the value of ((2 - -1 - 15) + 0 - (37 - 53)) + -57?
-53
Calculate (-892 - -935) + (-2 + (-2 - -11) - -3).
53
What is (2 - 3 - -12) + -43 - -43?
11
Evaluate -4 + (255 + -269 + (0 - (-1 + 102)) - 8).
-127
Calculate 845 - 914 - (6 - 21).
-54
Evaluate 38 + -146 + 304 + -101.
95
What is 25 + (-67 - (-80 + 50))?
-12
Evaluate (3 + -1 - 44) + -7 + 16 + (-13 - -11).
-35
Evaluate -9 - -38 - 78 - 35.
-84
What is 317 - 323 - (-8 + 0) - (-39 - 0)?
41
-61 + (18 - 42 - -40) - -91
46
What is 12 + (2 - 3) + 0 + 17 + 50 + -48?
30
22 + (26 + -21 - 113 - (5 + 14))
-105
What is the value of (11 - -1) + (4331 - 4337)?
6
What is (-37 + (46 - 14) - 22) + 153?
126
What is the value of 50 + 256 + -314 + 43 + -1?
34
What is (1 - (7 - 44) - -6) + 39?
83
Evaluate -5 - (30 + 2 + (-164 - -51)).
76
What is -35 - (-98 - (129 - 244))?
-52
Calculate -2 - ((-15 - -23) + 59 + (5 - (5 - 2))).
-71
What is 6524 + -6521 + (-1 + 3 - (-2 + -61))?
68
What is the value of (10 - (-6 - 32)) + (24 - (16 + 6))?
50
What is the value of (-16 - -10 - -105) + (-11 - 5 - -11) + 14?
108
Evaluate (2 - 36) + -3 + 2 + 52 + -57.
-40
What is (-3 - -23) + (177 - (42 + (-14 - -18)))?
151
What is the value of -89 + -2 - (68 + -46 - (-18 + 55))?
-76
-14 + (15 - 12) - (-3 - (2 + -37))
-43
What is the value of (165 - (91 - -30)) + (0 - (-3 - (0 - 3)))?
44
Calculate (2 - 4) + (6 - 0) - (-139 - -173).
-30
Evaluate -2 + -9 - (-40 + -25 + 71).
-17
Calculate -2 + 7 + -1 - (-66 + 107 + -90).
53
Calculate -1 - -3 - (-12 - (-5 - (-6 + 9))).
6
What is the value of -10 - 5 - (-77 - -4 - -59 - (-121 - -2))?
-120
Evaluate -40 + (-16 - (4 + 1)) + -15.
-76
-19 + 38 + -4 + -15 - 23
-23
Evaluate 28 + 6 + -14 + -9 + -4.
7
Calculate -3 + -5 - (11 + (10 - 32) + -11 + 7).
7
Calculate (-67 - -64) + (7 - 5) + 63 + -2 + 4.
64
Evaluate 78 - 87 - (2 - (4 - (-4 - 82))) - -8.
87
-57 + 15 - (-3 - 90)
51
What is the value of (6 - (23 + 13 + -34)) + -33?
-29
What is ((2 - -12 - -1) + (-238 - -311) - -13) + -5?
96
What is (86 - 21) + -20 - 17?
28
(0 - 52) + (2 - 1) + (660 - 665)
-56
What is (4 - (67 + -59)) + 88?
84
Evaluate -2 - -5 - ((-29 - -87 - 42) + (85 - -1)).
-99
Evaluate (81 - (45 - -14)) + (-6 - 1) + -39.
-24
What is the value of -73 - ((9 - 63) + -69)?
50
What is -34 + -1 + -53 + (0 + 0 - -6 - -2)?
-80
What is (-8 - (43 + -21)) + -13?
-43
What is the value of -1 + (21 + -10 + -18 - 23)?
-31
Calculate 4 - (-59 + (-19 - -40)) - (3 + -3).
42
What is the value of -42 + -1 - (-187 + 254 - 108)?
-2
-65 + 72 - (-5 - (-1 + -3 - (-6 - -5)))
9
Calculate -17 - (-12 + -18) - (-1 - (-4 - -2)).
12
-12 + -18 + 41 + -23 + 9
-3
Evaluate (-9 + 22 - -44) + 13 - 22.
48
Evaluate 54 + (-40 - -16) - -7 - 36.
1
What is -32 + (5 - 37) + (-19 - -37)?
-46
Evaluate 3 + (-11 - (-9 + 6 + -7)) + 8.
10
What is the value of -11 - 2 - (19 + (-10 - 29) + 39)?
-32
What is 98 - (-50 + 74 + (-1 - 13)) - 20?
68
Calculate -22 - ((1 - 4) + -26) - (52 - 2).
-43
Calculate (-50 - 2) + 11 - (82 - 57).
-66
What is (2 - 1) + 38 - (-5 - -2) - (179 + -186)?
49
-102 - (-41 + -16) - (-1 + -18)
-26
What is (10 - 2 - (-5 - -9)) + 90 + (-3 - 15)?
76
What is the value of 121 - (43 + 33 - 22)?
67
Evaluate 10 - -2 - (-158 - -182 - (0 + 26 + -6)).
8
Calculate -4 + -10 + (20 - -3) + -3 + -7 - -47.
46
Calculate (-149 + 55 - (-9 - (12 + -6))) + 13.
-66
(-3 - -7) + -11 - (-5 + -1 - (-4 + 6))
1
What is 6 + -8 + (-128 - -131) - (0 - 1 - 5)?
7
What is -1 + (-11 - -6) - (-3 - (5 + -1)) - 56?
-55
Calculate 40 - ((-41 - -19) + 50 - 22).
34
Calculate 1 + 36 - ((-42 - -48) + (12 - 1)).
20
-1 + 10 + (508 - 541)
-24
What is -28 + (2 - 2) + (245 - 265)?
-48
What is the value of (73 - 46 - (9 + -7)) + -13?
12
What is the value of (-152 - -135) + (-5 - (2 - 5))?
-19
Calculate (-2797 - -2784) + (2 - (0 + -1 + -25)) + 12.
27
Calculate (-2 + -4 + -1 - (-135 + 129)) + 76 + -13.
62
What is 1 - 2 - -12 - (101 + 61 - 128)?
-23
What is (1199 - 1195) + 21 + (2 - 3)?
24
5 - (22 + -27 + -9) - 70
-51
87 - 93 - (-64 - -21)
37
Evaluate 38 + 13 - (102 - 7).
-44
What is 90 + 26 + -87 + -89?
-60
Evaluate (0 - -5) + (28 + -22 - -9) + 0.
20
Evaluate -40 + 18 + -8 + 0 + (-6 - -12 - 15).
-39
Calculate -1 + -6 - (0 - (2 + -29) - (-9 - 6)).
-49
Calculate (18 + -34 - 0) + (5 - -5 - 34).
-40
-65 - (3 - (96 - 26))
2
What is 10 + -28 + 10 + -5 + 12 - -11?
10
What is -356 - -338 - (-1 + 4 - (35 + -37))?
-23
Evaluate 10 + -2 + (-13 - 9) - (11 + -3 + -3).
-19
Evaluate -81 + (29 - (0 - 5)) - -28.
-19
13 - (-44 + (44 - -53))
-40
38 + (10 - 0 - 1) - (-91 - -105)
33
Evaluate 34 - (32 + -5 + -8).
15
-89 + -57 + 23 + 33 - (-2 + 0 - 5)
-83
What is (32 - -2) + -3640 + 3626?
20
What is (12 - 9 - (-30 + 4 + -6)) + 11?
46
What is the value of 3 + -17 + (-32 - (6 - 9)) + -4 + 16?
-31
Evaluate 5 - ((-4 - -27) + (50 - 79)).
11
What is 34 + (4 + -11 + 6 - 8)?
25
Calculate 26 + 1 + 156 + (59 - 212).
30
What is the value of 83 + -32 - 30 - 27?
-6
What is the value of (1 - 62) + -64 + 74 - -15 - (-2 + 2)?
-36
What is 13 + 3 + (99 - (-117 - -171))?
61
What is -44 + 12 - (-336 - -329)?
-25
(-26 - -13) + (-62 - -146)
71
Calculate -85 + (-16 - (-89 + 26)).
-38
What is -80 + (53 - (59 + -65))?
-21
What is the value of 0 - -11 - (-80 + 129 + (12 - 3))?
-47
(29 - -1) + (180 - 210)
0
(7 - 17 - -10) + -59 + (2 - (-16 + 10))
-51
What is (44 - 281) + 235 + 1 + -83?
-84
What is 7 - (11 + (-12 - (-22 - (-1 + -13))) + -6)?
6
What is the value of (-17 - (34 - 45 - 27)) + -43?
-22
Evaluate (292 - 209) + (26 - 172).
-63
Calculate 26 + -74 + (-25 - -18).
-55
0 + -8 + (-17 - -33) - (7 - -11) - -129
119
What is 14 + (28 - (119 + -10))?
-67
Calculate -9 + 2 + 88 + -84 - 10.
-13
Calculate -2 - (-4 + 1 + -31 + 24 + 10 + -29).
27
16 - ((-6 - (5 + 11)) + 20)
18
What is -8 - -73 - (0 - (5 + (-12 - -5) + 11))?
74
What is (-2 - -18) + (-211 - -233) - (1 + 0) - -14?
51
What is 24 + 17 + -5 + -2 + -42 + 46?
38
Evaluate 27 + (-29 - -17 - 39) - 0.
-24
What is the value of -58 + -27 + 50 + 13?
-22
0 + (3 - (18 - 6)) + 1 + -42
-50
What is the value of 31 + -6 + (2 - (2 + -11 + (9 - 2)))?
29
What is -34 - (6 - (5 + 17 + -10))?
-28
What i